 4) in base 10?
-9381094
4425454 (base 6) to base 4
312012022
What is -2687202 (base 10) in base 2?
-1010010000000011100010
What is 138625 (base 10) in base 5?
13414000
Convert c0a6 (base 15) to base 3.
2001202210
What is 500443 (base 6) in base 7?
221565
Convert -651aa (base 12) to base 15.
-2978a
275976 (base 14) to base 5
322011043
Convert -1257353 (base 10) to base 9.
-2325678
Convert 4d0a2 (base 14) to base 13.
68323
What is 67650 (base 13) in base 5?
22002244
Convert 1884873 (base 9) to base 13.
2b15b9
Convert -510cd3 (base 15) to base 14.
-7232c6
Convert 1028163 (base 9) to base 4.
2012122011
Convert 427122 (base 10) to base 5.
102131442
Convert 122323111 (base 4) to base 3.
12121021221
Convert -1023133020 (base 4) to base 15.
-6192c
Convert -11571934 (base 10) to base 11.
-6594190
Convert 110111001111010 (base 2) to base 16.
6e7a
Convert 139692 (base 10) to base 8.
420654
57772 (base 12) to base 2
11100100010000110
What is -10332233233 (base 4) in base 15?
-1abc8d
-2b993a2 (base 12) to base 2
-100001111111101111101010
-471223 (base 8) to base 14
-42655
10110101100011011111000 (base 2) to base 4
112230123320
21080601 (base 9) to base 11
5803125
Convert -12113120020 (base 4) to base 7.
-20116525
Convert -2131001314 (base 5) to base 12.
-16334b8
Convert -1571207 (base 8) to base 10.
-455303
-20443300 (base 6) to base 10
-596916
What is -10120110112112 (base 3) in base 15?
-2778a8
What is 59625 (base 13) in base 16?
27f27
What is -40497 (base 13) in base 12?
-566b0
Convert 532772 (base 13) to base 4.
13123202222
-871704 (base 10) to base 12
-360560
What is 18a86 (base 16) in base 8?
305206
138778 (base 10) to base 13
4b223
-72992 (base 16) to base 4
-1302212102
Convert 391629 (base 14) to base 13.
539754
23dcd (base 14) to base 11
5aa62
-1211054 (base 6) to base 9
-106407
What is 288705 (base 9) in base 10?
176990
Convert 111503353 (base 6) to base 13.
5682a2
Convert 233080 (base 9) to base 11.
9623a
What is 1b675a7 (base 12) in base 10?
5860495
331442141 (base 5) to base 9
2630376
Convert -248a29 (base 11) to base 12.
-16b20b
Convert 310011320033 (base 4) to base 14.
1b56739
What is -4b1806 (base 13) in base 4?
-12320022102
What is 5510503 (base 6) in base 15?
56129
221414012 (base 5) to base 3
1211010010211
11010101111111011 (base 2) to base 13
3ab3c
What is -935502 (base 12) in base 2?
-1000110100001110010010
What is -12839a (base 11) in base 6?
-4152353
-3143421232 (base 5) to base 11
-3814218
-123772 (base 9) to base 5
-4344430
What is -452200 (base 9) in base 15?
-552b6
What is 1190a2 (base 12) in base 10?
285242
8370a0 (base 11) to base 12
548592
Convert -329116 (base 13) to base 11.
-743873
Convert -21111021210 (base 3) to base 8.
-440014
db0627 (base 15) to base 13
22125a3
Convert 26924 (base 16) to base 2.
100110100100100100
6453a5 (base 13) to base 7
26001615
What is -2657918 (base 10) in base 3?
-12000000222102
What is 18713 (base 13) in base 16?
b8e8
2343441002 (base 5) to base 14
a1d175
8648610 (base 9) to base 12
1678309
10100000000101010 (base 2) to base 4
110000222
Convert -136b64 (base 12) to base 15.
-65acd
Convert 133805 (base 10) to base 14.
36a97
-2101000112 (base 3) to base 13
-18320
cdbddc (base 14) to base 6
405423342
131628 (base 12) to base 9
527235
6dcc1 (base 14) to base 11
173963
Convert 113103322 (base 6) to base 7.
23626652
-1101622 (base 7) to base 14
-37349
9bedc (base 15) to base 14
ccb23
Convert 17c580 (base 13) to base 3.
1010102000220
What is 88ab (base 16) in base 9?
52884
1001111000001000110 (base 2) to base 13
b4416
Convert 29bfa (base 16) to base 10.
171002
What is 11100100001100 (base 2) in base 13?
6855
122145 (base 11) to base 10
193165
163a76 (base 16) to base 6
51120130
Convert -36055 (base 15) to base 2.
-101010000010101101
Convert -40634634 (base 7) to base 4.
-30333002010
-10121734 (base 9) to base 8
-22415223
3467c6 (base 14) to base 10
1785146
-11154464 (base 9) to base 12
-198a64a
Convert 100001011001010100000 (base 2) to base 14.
206b28
-21000121 (base 3) to base 6
-35411
Convert 31494 (base 10) to base 3.
1121012110
1101001110010010111011 (base 2) to base 15
487152
110231310 (base 5) to base 10
477080
-887ba3 (base 13) to base 16
-31134b
102142041 (base 5) to base 15
86b31
b9837 (base 15) to base 3
1002221002121
1110011110001011011 (base 2) to base 6
14055215
Convert 3122023323 (base 4) to base 5.
212044231
What is 1220012100222 (base 3) in base 10?
1007747
What is 131323101 (base 4) in base 8?
357321
a790b4 (base 13) to base 4
33000021221
Convert -256967 (base 12) to base 3.
-1011010222221
Convert 113032223 (base 5) to base 6.
15033141
19b59a (base 14) to base 2
11011111010110110100
What is -2113003303 (base 4) in base 7?
-5154622
-115253 (base 9) to base 12
-34249
Convert -2220002132 (base 4) to base 10.
-688286
202202022000021 (base 3) to base 5
10310401234
What is 1011011011000011010 (base 2) in base 6?
12004510
Convert c19231 (base 16) to base 8.
60311061
Convert -745670 (base 15) to base 7.
-65026161
-44031 (base 5) to base 6
-21544
-101300220 (base 4) to base 7
-422040
14b918 (base 13) to base 2
1111100110100001110
2521ca (base 13) to base 16
d9508
What is 43730 (base 8) in base 7?
104423
What is 1202033 (base 5) in base 3?
1010101010
What is -3bacb (base 13) in base 5?
-12033312
What is -c34 (base 14) in base 3?
-10021211
-666047 (base 8) to base 2
-110110110000100111
What is -62355633 (base 7) in base 11?
-2a5a71a
-1854148 (base 14) to base 3
-211122110112012
111a51 (base 11) to base 4
223201301
What is 110022100010201 (base 3) in base 5?
3133311132
Convert 201110101022 (base 3) to base 11.
241835
-1242131422 (base 5) to base 12
-104842a
-10163343 (base 8) to base 9
-4045743
What is 37db65 (base 15) in base 12?
a92395
What is -1896390 (base 12) in base 9?
-10655560
-50130451 (base 6) to base 12
-580a27
-18976 (base 14) to base 4
-33030130
11650020 (base 9) to base 14
a85b5d
What is -369176 (base 11) in base 8?
-2163016
74f163 (base 16) to base 2
11101001111000101100011
119936 (base 10) to base 2
11101010010000000
cb744b (base 13) to base 9
10003801
2020411211 (base 5) to base 6
223205250
Convert 10011101000110111011 (base 2) to base 10.
643515
What is -167ac0 (base 16) in base 13?
-3c7734
200032333 (base 4) to base 3
20201010001
Convert 1f3747 (base 16) to base 12.
827a87
What is 773134 (base 10) in base 8?
2746016
6456156 (base 7) to base 15
108400
Convert 3a598 (base 14) to base 7.
1136151
473449 (base 11) to base 5
143014341
What is -10002022200201 (base 3) in base 13?
-45563b
What is 7dca4 (base 16) in base 2?
1111101110010100100
What is -163446343 (base 7) in base 11?
-6318222
Convert 1969a (base 15) to base 3.
11012011101
Convert 72330271 (base 8) to base 13.
3232c0b
What is -12210230122 (base 4) in base 5?
-420120122
Convert -66d41c (base 14) to base 11.
-1a77043
What is -5660257 (base 10) in base 2?
-10101100101111001100001
-aca2c (base 14) to base 10
-419088
Convert 131120010 (base 4) to base 5.
12322244
What is 1a66a (base 13) in base 15?
10473
What is -45a7ed (base 15) in base 13?
-8c5c66
What is -41274 (base 8) in base 7?
-100544
252320425 (base 6) to base 5
2222101210
What is 7101220 (base 8) in base 14?
368cb6
What is -7182284 (base 10) in base 4?
-123121133030
Convert -33130361 (base 7) to base 16.
-2b7420
Convert -30b0c (base 15) to base 10.
-154362
What is 1240330 (base 6) in base 12?
330a6
What is -646570 (base 8) in base 5?
-23411230
What is -11212001200 (base 3) in base 11?
-65869
Convert -121e1eb (base 15) to base 6.
-1142444452
Convert 1142551 (base 6) to base 3.
10001122211
Convert -25b573 (base 12) to base 3.
-1011120001220
What is 1211200230 (base 4) in base 8?
1454054
Convert -5446505 (base 8) to base 16.
-164d45
-2044012 (base 6) to base 5
-11134433
What is -1b074 (base 14) in base 4?
-100301132
Convert 100101011111011000000 (base 2) to base 9.
2272137
1c1ef (base 16) to base 6
2245131
What is -30423054 (base 6) in base 4?
-3111123022
-10303001312 (base 4) to base 8
-4630166
What is 309677 (base 11) in base 2?
1111001000101000110
What is -110315 (base 11) in base 10?
-176071
Convert -16e577 (base 15) to base 2.
-100001111011000111100
What is 26608 (base 13) in base 11?
49652
241650 (base 8) to base 16
143a8
47a2a (base 12) to base 6
2022454
1100